 u + 1. Suppose -6*x + 38 = 8. Give v(x).
1
Let i(n) = 23 - 3 + 6*n - 12 - n**2. What is i(7)?
1
Let k(f) = -f - 4*f**3 + f - 2*f**2 + f + 5*f**3. Suppose -3*b + o = -0*o - 10, 28 = 4*b - 5*o. Determine k(b).
2
Suppose 2*a - 4*k = -10, 5*k = 5*a + k + 31. Let p(s) = -s**2 - 9*s - 6. Calculate p(a).
8
Let m(t) = -t**2 + 5*t + 3. Suppose -18 + 6 = -3*h. Determine m(h).
7
Let n(p) = p**2 + 6*p - 5. Let h be n(-7). Let k be 0 - h/(0 + 1). Let i(d) = d**2 + 6*d + 1. Let b(x) = x. Let t(m) = -6*b(m) + i(m). Calculate t(k).
5
Let a(o) = o + 3. Let x(m) = -m**3 + m. Let b be x(0). Let s be a(b). Let g(l) = -l**2 - 1 + s*l**2 - 5*l - 3 + 2. Calculate g(4).
10
Let n be 1/((-2)/(-2)*1). Let k(w) = -w - w**2 + 8*w**2 + 3*w**2. What is k(n)?
9
Suppose -5*s - 66 = -2*r, -2*s + 6*s + 4*r + 64 = 0. Let z = 9 + s. Let k(c) = -c**2 - 4*c - 4. Determine k(z).
-9
Let d(r) = -3*r - 2. Let v(t) = -2*t - 2. Let p be v(1). Give d(p).
10
Let s(o) be the third derivative of -o**4/24 - o**3/2 + 3*o**2. Let d(m) be the first derivative of -m**3/3 + 2*m**2 + 5*m - 1. Let p be d(4). Give s(p).
-8
Let t(i) = i + 1. Let z be t(5). Let v(k) = -6*k + 10*k - k + z*k. What is v(-1)?
-9
Let i(c) = -c**2 - c - 1. Let w be (1 + 11)*(2 + -3). Let v = w + 10. Determine i(v).
-3
Let b(y) = 11*y**3 + y**2. Let n be b(1). Let j(q) = -1 + n - 3 + q. What is j(-7)?
1
Suppose -2*z = -z. Let s(p) be the third derivative of -p**4/24 + p**3/3 + 8*p**2. Calculate s(z).
2
Let k(v) be the second derivative of -v**4/24 + v**3/2 + 2*v**2 - v. Let q(t) be the first derivative of k(t). What is q(4)?
-1
Let p be (-2 + 5)/((-15)/100). Let x = p + 23. Let a(q) = 3*q**3 - q**2 + q - 3. Let h(u) = 5*u**3 - u**2 + u - 5. Let k(j) = 7*a(j) - 4*h(j). What is k(x)?
8
Let n be 0 + 2 - (5 - -1). Let v = n + -1. Let p(k) = 4*k**3 + 8*k**2 - 2*k + 2. Let r(j) = 9*j**3 + 17*j**2 - 5*j + 4. Let x(l) = -7*p(l) + 3*r(l). Give x(v).
3
Let o(g) = g**2 + 5*g + 8. Let j = -8 - -2. What is o(j)?
14
Let j = 9 + -15. Let q(y) = -90*y + 1 + 49*y + 42*y. Determine q(j).
-5
Let z(j) = -j - 9. Suppose 0 = -5*m - 2*y - 50, 2 = -m - 5*y - 8. Calculate z(m).
1
Let g(l) = -l**3 + 6*l**2 + 6*l + 10. Let h be g(7). Suppose y + 1 = 3. Let n(c) = -4 - 2*c**2 + 5*c + 3*c**y + h. Give n(-5).
-1
Let f(m) = m + 5. Let h be -9 + 4 - ((-4)/2)/(-2). Give f(h).
-1
Let x(d) = -5*d - 2. Let t(z) = -16*z - 7. Let v(c) = 2*t(c) - 7*x(c). Determine v(-2).
-6
Let m(o) = 7*o**2 + 41*o - 6. Let i be m(-6). Let s(p) be the second derivative of -p**3/6 + 3*p**2/2 - p. Calculate s(i).
3
Suppose -3*q = g - 17, 3*q = 6*q - 12. Suppose -3*b = 2*b + g. Let d(h) = 5*h**3 + h. What is d(b)?
-6
Let o(i) = -2*i. Let w be (6 - 3) + 6*-1. What is o(w)?
6
Let u(j) = -3*j**2 + 2*j + 2. Suppose 0*s + 20 = 3*y - s, 3*y + 2*s - 14 = 0. Suppose 0*l = 3*l + y. Determine u(l).
-14
Suppose -o - 7 = -5. Let k(z) = 7*z + 2. Let y(g) = -7*g - 2. Let w(l) = -7*k(l) - 6*y(l). What is w(o)?
12
Let j(o) = o**2 + o + 3. Let n be 2/7 + (-38)/(-14). Let i be (-5 + 2)/n*-4. Let k = i - 4. Give j(k).
3
Let o(c) = -2*c**3 + 5 - 1 + c**3 + 2*c**2. Let b be (-4)/10 + (-132)/(-30). Suppose -4*q = b*n - 24, -q - 4*n = n - 18. Determine o(q).
-5
Let a(i) = i + 5*i - 2*i - i**2 - 1 - 2*i. Determine a(2).
-1
Let i(c) = c**2 + 2*c + 3. Let b be i(-3). Let g(r) = 3*r + 4. Let f(m) = -3*m - 4. Let w(v) = b*g(v) + 5*f(v). Let z be 4*(1 - (-6)/(-3)). Determine w(z).
-8
Suppose 0*x + 5 = -5*x. Let s(u) = 3*u - 8. Let r(o) = -o + 3. Let j(n) = -8*r(n) - 3*s(n). What is j(x)?
1
Let r = 32 - 30. Let f(k) = -2*k**2 - k + 1. Give f(r).
-9
Let j(x) = -2*x + 5. Let h(u) = -2*u - 2. Let r be h(-4). Give j(r).
-7
Let j(a) be the second derivative of 0 + 1/20*a**5 - 5/2*a**2 + 0*a**3 + 2*a - 5/12*a**4. Calculate j(5).
-5
Let c = -8 - -18. Let s(k) = k**3 - 10*k**2 + k - 13. Let z be s(c). Let u(x) = -x + 2. Determine u(z).
5
Let v(x) = -x**2 + 4*x - 3. Let q(a) = -a. Let l be q(4). Let u = l + -4. Let f(m) = m**3 + 8*m**2 + m + 10. Let t be f(u). Determine v(t).
1
Suppose 2*p + 1 = -9. Let m(r) = -r**2 - 8*r - 7. Calculate m(p).
8
Let x(r) be the second derivative of 0 + 0*r**2 + 1/6*r**3 + 2*r. Calculate x(3).
3
Let q(h) = -2*h**2 + 4*h. Let r = -12 + 15. Give q(r).
-6
Let v(k) = 5*k**3 + k**2 + k. Suppose 5*r + 2 = -3. Let m be v(r). Let n(i) = i + 0*i - 2*i + 2*i. Determine n(m).
-5
Suppose -50 = -4*d + 22. Let t be ((-7)/(-3))/((-2)/d). Let c be ((-6)/4)/(t/(-28)). Let h(b) = 3*b. Calculate h(c).
-6
Let o(l) = -l**3 + 7*l**2 - l + 13. Let d be o(7). Let z(p) = -3*p + 3. What is z(d)?
-15
Suppose 0 = 20*w - 32*w + 12. Let t(o) = -8*o**3 + 2*o**2 - 2*o + 1. What is t(w)?
-7
Suppose -11*j + 14*j = 6. Suppose 0*x - 12 = -j*x. Let h(a) = a**3 - 5*a**2 - 5*a + 6. Determine h(x).
12
Let w(n) = 3*n + 6. Let h(q) = -q + 2. Let z be h(6). What is w(z)?
-6
Let g(y) = y. Let f be -7 - (-20)/5 - 3. Give g(f).
-6
Let t(k) be the third derivative of k**4/24 + 7*k**3/6 - 13*k**2. Calculate t(-6).
1
Let x(b) be the third derivative of b**6/60 - b**5/60 + b**4/12 - b**3/6 + 4*b**2. Let l(d) = -2*d + 15. Let i be l(7). Calculate x(i).
2
Let x(m) = m**2 - 2*m - 2. Let y be x(4). Let p(n) be the second derivative of -n**4/12 + n**3 + 5*n**2/2 - 13*n. Determine p(y).
5
Let i = 0 + 2. Let h be 4/i + (-2)/(-2). Let x be (1 + -1)/h + -1. Let q(d) = -5*d - 1. Determine q(x).
4
Let f(j) be the second derivative of -j**7/840 + j**6/360 + j**5/60 + j**4/12 + 6*j. Let v(r) be the third derivative of f(r). What is v(-2)?
-14
Let f be (4 - 2)*1/12. Let r(z) be the third derivative of 0*z - z**2 + 0 + f*z**3 - 7/120*z**6 + 1/60*z**5 - 1/12*z**4. Determine r(1).
-7
Let x(n) be the first derivative of -n**4/4 - n**3 - n**2/2 + 2*n + 1. Let j = -9 - -7. Let c be (-2 - j - 1) + -1. Calculate x(c).
0
Let a(v) be the first derivative of -3*v + 1/3*v**3 - 7 + 3/2*v**2. Calculate a(-5).
7
Let t(v) be the third derivative of 1/60*v**5 + 5/6*v**3 + 0 + 2*v**2 + 5/24*v**4 + 0*v. Suppose -4*r + 20 = -5*a + 3, -19 = 3*a + 2*r. Give t(a).
5
Let d be 2 - (2 - 10)/(-2). Let z(q) = q**3 + q - 1. Let g(k) = 4*k**3 + 4*k - 5. Let w(h) = -g(h) + 5*z(h). What is w(d)?
-10
Let n(f) = f**3 + 2*f**2 + 4. Let b(a) = a**3 - 2*a**2 - 3*a - 2. Let g be b(3). Let x be ((g + 2)/(-1))/(-2). Let q = x + -3. What is n(q)?
-5
Let i(t) = 2 + 8*t + 2 - 7*t. Let s be i(-3). Let c(f) = -7*f + 1. What is c(s)?
-6
Let i(k) be the second derivative of -k**4/2 + 3*k**2/2 - 3*k. Let b(s) be the first derivative of i(s). What is b(-1)?
12
Let v(q) = -101 + q + 98 + 0*q. Let o be (12/2)/((-3)/2). Let i(f) = f**3 + 4*f**2 - 2*f - 4. Let m be i(o). What is v(m)?
1
Let b(m) be the first derivative of -m**5/60 + m**4/8 - m**3/3 + 2*m**2 - 2. Let h(s) be the second derivative of b(s). Give h(3).
-2
Let p(u) = -9*u + 2*u + 3 + 8*u - 2. Calculate p(-3).
-2
Let t = -16 + 15. Let s(x) = -6*x + 1. Let w(n) = n. Let r(g) = s(g) + w(g). Calculate r(t).
6
Let q(i) = 2*i + 7. Let c be q(-6). Let j(r) = -r**3 - 4*r**2 + 4*r + 1. Let k be j(c). Let t(m) = 2*m**2 - 4*m - m - m**2. Determine t(k).
6
Let r(i) = -2*i + 5. Let v(c) = -c**3 - 5*c**2 - 2*c - 5. Let p be v(-5). What is r(p)?
-5
Let y(g) = 0 - 3*g**2 + 4*g**2 - 2*g - 3. Let h = 35 - 15. Let t be (-15)/(-6)*(-16)/h. Give y(t).
5
Let f(o) = -2*o - 11. Let y be f(-8). Let q = y - 1. Let j(b) = -b**2 + 2*b + 1. Give j(q).
-7
Suppose -6*l = -2*l. Suppose 0*f - 5*f = l. Let t(h) = -h**3 + h + 4. Calculate t(f).
4
Let t(g) = 14*g**2 + 20*g + 6. Let i(l) = 5*l**2 + 7*l + 2. Let a(y) = 17*i(y) - 6*t(y). Suppose -3*v - 19 = -5*p, -5*v + p - 11 = -2*v. Determine a(v).
10
Let y = 11 - 8. Suppose 0 = 4*h - 4*k - 60, y*h + h - 2*k = 50. Let m be (h/15)/(4/(-6)). Let a(j) = 8*j**3 - 2*j**2 - 2*j - 1. Determine a(m).
-9
Let w = -4 + 9. Let b(q) be the third derivative of 1/60*q**5 + 0*q - 3*q**2 - 5/24*q**4 + 5/6*q**3 + 0. Give b(w).
5
Let m = 17 - 12. Let t(w) = 2 - 1 + w - 2 + 3. Give t(m).
7
Let d(v) = 7*v + 1. Let l = -5 + 4. What is d(l)?
-6
Let a be (2/(-3))/(6/18). Let u(p) = -p**2 - 4*p - 4. Let c(m) be the second derivative of m**3/6 + m**2/2 - 2*m. Let d(j) = 4*c(j) + u(j). Determine d(a).
-4
Suppose -3*t = 4*w - 7, 0*t + 2 = 5*t - 3*w. Let h(s) = 2 + 5*s - 3 - s. Determine h(t).
3
Let m be (2/(-5))/((-5)/400). Let r = m + -35. Let s(h) b